
13
Suppose 7*k = -6 - 8. What is the remainder when (-6 + (-34 - -6))*1/k is divided by 10?
7
Suppose 0 = -o - 4*p + 38, o = -o - 3*p + 71. What is the remainder when o is divided by 8?
2
Let m be (-2)/(-3) + 4*(-212)/(-24). Suppose 0 = 3*x + 12, x + 2 + m = 2*v. What is the remainder when 33 is divided by v?
16
Let q = -15 - -14. Let t(s) = -s - 1. Let i(z) = -z**3 + 10*z**2 + 11. Let m(p) = q*i(p) - 5*t(p). Calculate the remainder when m(10) is divided by 23.
21
Calculate the remainder when (-5280)/(-35) - ((-32)/28 - -1) is divided by 14.
11
Suppose -7*j + 67 - 18 = 0. What is the remainder when 165 is divided by j?
4
Let j(a) = 40*a - 295. Calculate the remainder when 169 is divided by j(8).
19
Let u be 96/(-40)*(-20)/6. Let c = 12 - u. Suppose -c*y - 15 = -4*a - y, -10 = -3*a + y. Calculate the remainder when 6 is divided by a.
0
Suppose -4*u = -227 - 25. Suppose i - u = 3. Calculate the remainder when i is divided by 34.
32
Suppose 4*g = 95 + 25. What is the remainder when (50/g)/((-5)/(-6)) is divided by 2?
0
Suppose -i = 5*z + 3*i - 35, -2*z + i + 14 = 0. What is the remainder when 35 is divided by z/(14/(-9))*-2?
8
Let c = 1826 - 1815. Calculate the remainder when 64 is divided by c.
9
Let m = 219 + -206. Calculate the remainder when m is divided by 7.
6
Suppose 33*l - 735 = -174. What is the remainder when l is divided by 11?
6
Let q = -1525 + 1603. Calculate the remainder when 223 is divided by q.
67
Let y be (-4 + 5)/((-2)/(-68)). Suppose -4*m - 271 = -0*k - 5*k, 12 = -3*m. Let s = k - y. Calculate the remainder when s is divided by 5.
2
Let p = -23 - -36. Suppose 2*d - 4*u = -170, 0 = -7*d + 3*d - u - 295. Let x = d + 112. Calculate the remainder when x is divided by p.
11
Suppose 0 = -18*q + 7130 - 2126. Calculate the remainder when q is divided by 5.
3
Let v(q) = -q**2 - 35*q - 56. What is the remainder when v(-29) is divided by 10?
8
Suppose -2*x - 16*d = -19*d - 63, 2*x - 69 = -3*d. What is the remainder when 83 is divided by x?
17
Let x = -862 - -908. What is the remainder when 123 is divided by x?
31
Let u = -332 + 393. What is the remainder when 186 is divided by u?
3
Suppose 4*s + 3*g + 2*g = 35, 0 = 2*s + 4*g - 16. Suppose 106 - s = 2*i. Calculate the remainder when i is divided by (-1)/5 + -1 + 91/5.
14
Let j = 20 - -21. Suppose 621*u = 594*u + 5454. Calculate the remainder when u is divided by j.
38
Suppose 37 = 3*g - 68. Suppose 0 = 3*c + c - 20, 4*w = -3*c + g. Calculate the remainder when 22 is divided by w.
2
Suppose -5*b - 21 - 9 = 4*o, b = o - 15. Calculate the remainder when 82 is divided by (b/5 - 2)*(-42)/8.
19
Let z(r) = -2*r**2 - 86*r - 239. Calculate the remainder when 3 is divided by z(-40).
0
Suppose 2*g = -2*l - 50, g - 3*l = 3*g + 47. Let i = g - -51. Calculate the remainder when 31 is divided by i.
8
Suppose 0*n - 4*n - 3*l = -33, 5*n - l = 65. Calculate the remainder when (2 - 3 - -23)*(-3)/(-2) is divided by n.
9
Let v = -326 + 344. Calculate the remainder when v is divided by 13.
5
Let l(r) = -23*r - 160. Calculate the remainder when l(-10) is divided by 57.
13
Suppose d + 86 = l - 2*d, 4*d - 212 = -2*l. Calculate the remainder when l is divided by 26.
20
Let c be ((-32)/3)/(9/27). Let u = c - -45. Calculate the remainder when 23 is divided by u.
10
Let i = -242 + 509. What is the remainder when i is divided by 67?
66
Let k(w) = w**3 - 26*w**2 - 57*w + 55. Suppose 2*t - 3*t + 34 = 0. Let a = -24 + t. What is the remainder when k(28) is divided by a?
7
Suppose 7*k - 10*k = -2*p + 460, 3*k = -3*p + 720. Calculate the remainder when p is divided by 7.
5
Let r(u) = -u**3 - 15*u**2 + 17*u + 14. Let y be r(-16). What is the remainder when 129 is divided by (6/(-18) + -1)/(y/18)?
9
Let k = -2 + 10. Let b(f) = 5*f - 9. Calculate the remainder when b(8) is divided by k.
7
Let g(w) = -4*w + 6. Let n be g(1). What is the remainder when (-2 - 186/4)/(n/(-12)) is divided by 49?
46
Let v = 85 - 61. Suppose 2*z - x - 85 = 0, -z - 5*x = 24 - 94. What is the remainder when z is divided by v?
21
Let r(h) = -h**3 + 19*h + 283. Calculate the remainder when r(0) is divided by 22.
19
Let h = 2470 + -2443. Calculate the remainder when 179 is divided by h.
17
Let z(o) = -o**3 - 5*o**2 + 49*o - 5. Calculate the remainder when 16 is divided by z(-10).
1
Let h = 44 - 25. Let u = -11 + h. Calculate the remainder when 10 is divided by 2/3*36/u.
1
Let b(x) = -x**2 - 19*x - 39. Let o(v) = 3*v**2 - 2*v. Calculate the remainder when b(-5) is divided by o(2).
7
Let y = -147 + 155. Let a(j) = 3*j**2 - 4*j**2 + j + 2 - 3*j**2 + 5*j**2. What is the remainder when a(-4) is divided by y?
6
Let i = 29 - 11. Suppose 21*x = 939 + 552. What is the remainder when x is divided by i?
17
What is the remainder when (1 + -14)*57/(-3) is divided by 86?
75
Let r be (-2 + -1 + 6)*-1. Suppose -a = 3*o - 13, -2*o = -o - 1. Calculate the remainder when (24/r)/(-4) + 16 is divided by a.
8
Let k be ((0 + 2)/6)/((-13)/(-2028)). Suppose -62 = -6*a + k. Calculate the remainder when 111 is divided by a.
16
Let s = 115 - 95. What is the remainder when s is divided by 2?
0
Suppose -100*g - 10137 + 34237 = 0. Calculate the remainder when g is divided by 49.
45
Let q = -549 - -847. Let y be (q/(-6))/((-1)/3). Suppose 0*r - 4*r - 4*u + 204 = 0, u = 3*r - y. Calculate the remainder when r is divided by 17.
16
Suppose 13*h - 1395 = -2*h. Suppose 96 = z + 3*z. What is the remainder when h is divided by z?
21
Let i(c) = c**2 + 2*c + 43. Calculate the remainder when i(8) is divided by 37.
12
Suppose -4*g + 4*r + 364 = 0, 0 = g - 7*r + 4*r - 89. Calculate the remainder when g is divided by 19.
16
Suppose -6*a = -387 + 15. What is the remainder when a is divided by 13?
10
Let g(s) = -s**3 - 3*s**2 + 4*s + 3. Let u be g(-4). Suppose 0 = -u*a + 2 - 47. Calculate the remainder when (12/(-30))/(1/a) is divided by 2.
0
Let s = -38 + 43. Suppose d + 8 = -2*w + s*d, 3*w = -5*d - 56. Let b(i) = i**2 + 10*i - 2. What is the remainder when b(w) is divided by 13?
9
Suppose 0 = 8*i - 75 - 69. Calculate the remainder when i is divided by 14.
4
Calculate the remainder when (-796)/24*-1 + (-1)/6 is divided by 4/18 - 79/(-9).
6
Suppose 0 = -p - 3*y - 2, -2*p + y + 6 = -p. What is the remainder when 4*p/32*94 is divided by 17?
13
Suppose 0 = 18*w - 413 + 161. What is the remainder when w is divided by 10?
4
Suppose 0 = 2*w - 3*l - 252, 0 = 4*w + 3*l + 154 - 640. Calculate the remainder when w is divided by 14.
11
What is the remainder when 83 is divided by (-5)/2*(-6)/5?
2
Let y(p) = -p**3 + 5*p**2 + 3*p + 4. Let f(t) be the second derivative of t**3 + 3*t**2 - 25*t. What is the remainder when f(5) is divided by y(5)?
17
Let o(b) = 7*b - 2. Suppose -3*h + 0*h + s = -5, 0 = -5*h + 5*s + 5. Suppose -7*m - q = -h*m - 47, 3*q = -9. What is the remainder when o(3) is divided by m?
9
What is the remainder when -6 + 17 + 339 + -23 is divided by 87?
66
Suppose -24*j + 4641 - 1425 = 0. What is the remainder when 394 is divided by j?
126
Let r(g) = g**2 + 17*g + 90. Calculate the remainder when 195 is divided by r(-9).
15
Let q(b) = 9*b + 97. What is the remainder when q(-7) is divided by 21?
13
Let h(d) = -d**3 + 3*d**2 + 8*d - 9. Let n be h(4). Suppose n*a + 80 = 3*a. Let k = a - -147. Calculate the remainder when k is divided by 32.
31
Suppose -9 = -4*m - 25. Let s be ((-1)/((-10)/(-8)))/((-2)/(-80)). Calculate the remainder when 9 is divided by ((-6)/m)/((-12)/s).
1
Calculate the remainder when 607 is divided by (3 - 64)*(-5 - -4).
58
Let u be 145/(4 - 9) - 3. Let d = u + 29. Let q(h) = -8*h + 10. What is the remainder when 100 is divided by q(d)?
32
Suppose -9 - 5 = -2*y. Suppose 2*h - y - 1 = 0. Suppose 4*f - 22 + 2 = 0. What is the remainder when f is divided by h?
1
Suppose c = -s + 48, 0 = -0*s + s - 1. Let w = -31 + c. Calculate the remainder when w is divided by 9.
7
Suppose -98*l + 180*l = 3526. Suppose -2*w = -4*t + 3*w + 315, -2*t + 2*w = -160. Calculate the remainder when t is divided by l.
42
Let m(f) = -f**3 + 11*f**2 - 11*f + 12. Let b be m(10). Suppose 0 = -b*y - 1 + 15. Calculate the remainder when 27 is divided by y.
6
Suppose 6*t = -6 + 18. Suppose -t*p - 33 = -5*p. Calculate the remainder when p is divided by 8.
3
Let a = 38 + 6. Suppose 4*q + w + w = -a, -5*w = -q. Let